6262285 a prime number?
False
Is 37136299 prime?
False
Is 2695493 a composite number?
False
Is 16653467 composite?
False
Is 77423029 a composite number?
False
Is 41556367 a composite number?
True
Is 103405747 prime?
False
Is 287547821 prime?
False
Is 2846243 composite?
False
Is 483663613 prime?
False
Is 60621703 a prime number?
True
Is 3282121 a composite number?
False
Is 47817493 composite?
False
Is 1488059 composite?
True
Is 27114211 a composite number?
False
Is 967333 a composite number?
False
Is 178237937 prime?
True
Is 13730659 a composite number?
True
Is 216903073 composite?
True
Is 4526905 prime?
False
Is 80258251 a prime number?
False
Is 50989 a composite number?
False
Is 53925491 a prime number?
True
Is 92037509 composite?
False
Is 20766343 composite?
True
Is 29180257 a prime number?
False
Is 74727383 a prime number?
False
Is 17717459 prime?
False
Is 1620769 a prime number?
True
Is 3963661 a prime number?
False
Is 322080349 prime?
True
Is 48123259 composite?
False
Is 134035357 a composite number?
True
Is 18891133 composite?
True
Is 1986679 composite?
False
Is 3227353 composite?
False
Is 3491797 prime?
False
Is 21987989 prime?
True
Is 267052487 a composite number?
True
Is 242164961 a composite number?
False
Is 6047153 prime?
False
Is 398539 composite?
False
Is 4694293 a composite number?
False
Is 725789 a composite number?
False
Is 3017702 prime?
False
Is 205772009 prime?
True
Is 75326 a composite number?
True
Is 6307121 a prime number?
True
Is 37176941 a prime number?
True
Is 6862033 composite?
True
Is 2843747 a composite number?
False
Is 5984299 composite?
False
Is 148797221 prime?
False
Is 4834779 a prime number?
False
Is 22063841 a prime number?
False
Is 22180061 a prime number?
False
Is 632773 a composite number?
False
Is 2261201 composite?
True
Is 3218053 a composite number?
True
Is 16388161 a prime number?
False
Is 17503687 composite?
False
Is 2985845 a composite number?
True
Is 974003 prime?
True
Is 3590237 prime?
False
Is 57147073 a prime number?
False
Is 124267529 composite?
True
Is 141377 a prime number?
False
Is 20869 prime?
False
Is 22306197 a prime number?
False
Is 301295951 composite?
True
Is 61258739 prime?
True
Is 11571457 a prime number?
True
Is 6649547 composite?
False
Is 337107383 composite?
False
Is 6592111 a composite number?
False
Is 2455813 prime?
False
Is 130677461 composite?
False
Is 5526623 composite?
False
Is 225683 composite?
False
Is 73219607 prime?
True
Is 720673 a composite number?
True
Is 17331637 composite?
False
Is 53804687 composite?
False
Is 289589659 a composite number?
True
Is 160045139 composite?
False
Is 3150673 a composite number?
True
Is 289711757 composite?
False
Is 6393203 prime?
True
Is 10997309 prime?
True
Is 2629811 a prime number?
True
Is 12741397 prime?
True
Is 7512893 prime?
True
Is 366398621 composite?
False
Is 14414663 a composite number?
True
Is 50527997 prime?
False
Is 23743759 a prime number?
False
Is 46441697 a prime number?
False
Is 24862907 a composite number?
False
Is 267781 composite?
False
Is 18863701 prime?
False
Is 39916667 a composite number?
True
Is 331680719 prime?
True
Is 81694879 a prime number?
False
Is 90713957 a prime number?
True
Is 104437217 prime?
True
Is 15142079 a composite number?
True
Is 2317857 a composite number?
True
Is 215555569 composite?
False
Is 2437691 a composite number?
False
Is 7649349 a prime number?
False
Is 17663999 prime?
False
Is 235192513 a prime number?
False
Is 7708879 composite?
False
Is 10746089 composite?
True
Is 21841874 a prime number?
False
Is 8172655 a composite number?
True
Is 23935213 a composite number?
False
Is 2118223 prime?
False
Is 1091683387 a composite number?
False
Is 75679663 composite?
False
Is 471773195 a prime number?
False
Is 6708749 a composite number?
False
Is 129561239 composite?
False
Is 7083889 prime?
False
Is 1449977 a prime number?
True
Is 64363993 a prime number?
False
Is 937693 prime?
True
Is 4384183 composite?
False
Is 14822933 composite?
True
Is 9826577 prime?
False
Is 709307 prime?
True
Is 22797959 prime?
False
Is 1852097 prime?
False
Is 3206701 composite?
False
Is 64434521 prime?
False
Is 3140693 a composite number?
False
Is 29717617 composite?
False
Is 41289487 a composite number?
True
Is 3720103 composite?
False
Is 365774215 a composite number?
True
Is 820327 prime?
False
Is 196005697 composite?
False
Is 10961967 a prime number?
False
Is 2788141 prime?
False
Is 144390811 a composite number?
False
Is 20591941 composite?
True
Is 5915927 a composite number?
True
Is 7031107 a prime number?
True
Is 14183881 a composite number?
True
Is 2134549 a composite number?
False
Is 21258481 prime?
True
Is 1661878 a composite number?
True
Is 696989 a prime number?
True
Is 236947 a prime number?
True
Is 7230073 prime?
False
Is 13499533 composite?
True
Is 328373 composite?
False
Is 125916709 prime?
True
Is 28181809 prime?
True
Is 5405579 a prime number?
True
Is 894823 composite?
True
Is 339943 a composite number?
False
Is 1213829 composite?
False
Is 2039369 composite?
True
Is 39667811 composite?
True
Is 54196873 a prime number?
False
Is 5427659 composite?
True
Is 8450149 a composite number?
False
Is 2226089 composite?
False
Is 14681845 a prime number?
False
Is 455542027 composite?
False
Is 238190261 a composite number?
True
Is 50762447 a composite number?
False
Is 90264467 a prime number?
False
Is 56437405 a composite number?
True
Is 16935785 composite?
True
Is 7981471 a prime number?
True
Is 5517469 a composite number?
True
Is 30277627 composite?
False
Is 276065899 composite?
True
Is 8869541 composite?
True
Is 715168193 composite?
True
Is 1282933 a composite number?
False
Is 10327151 composite?
True
Is 119506031 composite?
False
Is 6115489 prime?
True
Is 16634609 prime?
False
Is 28676353 prime?
True
Is 137529355 composite?
True
Is 184526753 a prime number?
True
Is 103673909 prime?
True
Is 47666609 a composite number?
False
Is 20404583 a prime number?
False
Is 55555771 a prime number?
True
Is 126270227 a prime number?
True
Is 638117 prime?
True
Is 4371749 a prime number?
False
Is 7648561 a prime number?
False
Is 353839 a composite number?
True
Is 2291357 composite?
True
Is 129545809 a composite number?
False
Is 7547117 a prime number?
True
Is 724481 a composite number?
False
Is 20508703 a composite number?
False
Is 459838963 a prime number?
True
Is 164961821 a composite number?
False
Is 46780949 composite?
False
Is 3194693 prime?
False
Is 16673793 composite?
True
Is 619991317 composite?
True
Is 227937459 a composite number?
True
Is 317851 composite?
True
Is 1545473 composite?
False
Is 1634615 a composite number?
True
Is 364479 a composite number?
True
Is 53557591 composite?
True
Is 21337801 a composite number?
False
Is 1032038659 prime?
False
Is 2911993 composite?
True
Is 85295501 composite?
False
Is 751903 a prime number?
False
Is 181130221 composite?
True
Is 10443574 a prime number?
False
Is 75014029 composite?
False
Is 4042453 a prime number?
False
Is 1709834239 a composite number?
False
Is 89054489 a prime number?
False
Is 4224071 composite?
True
Is 19444255 prime?
False
Is 292660045 a composite number?
True
Is 9680299 a prime number?
True
Is 10984499 prime?
False
Is 24280817 prime?
False
Is 7286537 composite?
False
Is 428472085 composite?
True
Is 10472219 composite?
True
Is 495469739 a composite number?
True
Is 1677521 composite?
False
Is 10816451 a composite number?
False
Is 2786843 a prime number?
True
Is 454252753 prime?
True
Is 3396641 composite?
True
Is 910363 composite?
True
Is 85307159 a composite number?
True
Is 20849083 a composite number?
True
Is 196649 prime?
False
Is 18079343 composite?
False
Is 1677079 composite?
True
Is 3470657 composite?
True
Is 345679189 a composite number?
False
Is 1488749 prime?
True
Is 4087093 a prime number?
True
Is 11499767 a composite number?
False
Is 44055157 a prime number?
False
Is 7093687 composite?
True
Is 10048502 prime?
False
Is 1361929 a composite number?
False
Is 74098621 a prime number?
True
Is 15553415 composite?
True
Is 197250397 prime?
False
Is 15281573 a prime number?
False
Is 49006409 prime?
True
Is 8010914 prime?
False
Is 342432683 a composite number?
True
Is 3806581 a composite number?
True
Is 12676189 prime?
True
Is 2278663 a composite number?
True
Is 2188